{"id":3786,"date":"2022-03-03T17:53:52","date_gmt":"2022-03-03T17:53:52","guid":{"rendered":"https:\/\/pgs-legal.com\/team\/andreia-do-prado\/"},"modified":"2025-06-25T19:43:11","modified_gmt":"2025-06-25T19:43:11","slug":"andreia-do-prado","status":"publish","type":"mt_team","link":"https:\/\/pgs-legal.com\/es\/team\/andreia-do-prado\/","title":{"rendered":"Andreia do Prado"},"content":{"rendered":"\t\t<div data-elementor-type=\"wp-post\" data-elementor-id=\"3786\" class=\"elementor elementor-3786 elementor-2622\">\n\t\t\t\t\t\t<section class=\"elementor-section elementor-top-section elementor-element elementor-element-33b5ba62 elementor-section-boxed elementor-section-height-default elementor-section-height-default\" data-id=\"33b5ba62\" data-element_type=\"section\">\n\t\t\t\t\t\t<div class=\"elementor-container elementor-column-gap-default\">\n\t\t\t\t\t<div class=\"elementor-column elementor-col-50 elementor-top-column elementor-element elementor-element-c4434eb\" data-id=\"c4434eb\" data-element_type=\"column\">\n\t\t\t<div class=\"elementor-widget-wrap elementor-element-populated\">\n\t\t\t\t\t\t<div class=\"elementor-element elementor-element-13b611f4 elementor-widget elementor-widget-image\" data-id=\"13b611f4\" data-element_type=\"widget\" data-widget_type=\"image.default\">\n\t\t\t\t<div class=\"elementor-widget-container\">\n\t\t\t\t\t\t\t\t\t\t\t\t\t\t\t<img fetchpriority=\"high\" decoding=\"async\" width=\"600\" height=\"550\" src=\"https:\/\/pgs-legal.com\/wp-content\/uploads\/2019\/08\/perfil-andreia-do-prado.jpeg\" class=\"attachment-large size-large wp-image-3458\" alt=\"\" srcset=\"https:\/\/pgs-legal.com\/wp-content\/uploads\/2019\/08\/perfil-andreia-do-prado.jpeg 600w, https:\/\/pgs-legal.com\/wp-content\/uploads\/2019\/08\/perfil-andreia-do-prado-300x275.jpeg 300w\" sizes=\"(max-width: 600px) 100vw, 600px\" \/>\t\t\t\t\t\t\t\t\t\t\t\t\t\t\t<\/div>\n\t\t\t\t<\/div>\n\t\t\t\t<div class=\"elementor-element elementor-element-72d75087 lawyer-position elementor-widget elementor-widget-heading\" data-id=\"72d75087\" data-element_type=\"widget\" data-widget_type=\"heading.default\">\n\t\t\t\t<div class=\"elementor-widget-container\">\n\t\t\t\t\t<div class=\"elementor-heading-title elementor-size-default\">JURISTA<\/div>\t\t\t\t<\/div>\n\t\t\t\t<\/div>\n\t\t\t\t<div class=\"elementor-element elementor-element-22061609 elementor-widget elementor-widget-heading\" data-id=\"22061609\" data-element_type=\"widget\" data-widget_type=\"heading.default\">\n\t\t\t\t<div class=\"elementor-widget-container\">\n\t\t\t\t\t<h5 class=\"elementor-heading-title elementor-size-default\"><p style=\"margin-bottom: 0.28cm;line-height: 108%\">Andreia do Prado<\/p><\/h5>\t\t\t\t<\/div>\n\t\t\t\t<\/div>\n\t\t\t\t<div class=\"elementor-element elementor-element-309b362b elementor-widget-divider--view-line elementor-widget elementor-widget-divider\" data-id=\"309b362b\" data-element_type=\"widget\" data-widget_type=\"divider.default\">\n\t\t\t\t<div class=\"elementor-widget-container\">\n\t\t\t\t\t\t\t<div class=\"elementor-divider\">\n\t\t\t<span class=\"elementor-divider-separator\">\n\t\t\t\t\t\t<\/span>\n\t\t<\/div>\n\t\t\t\t\t\t<\/div>\n\t\t\t\t<\/div>\n\t\t\t\t<div class=\"elementor-element elementor-element-02d69ae elementor-shape-square elementor-grid-0 elementor-widget elementor-widget-social-icons\" data-id=\"02d69ae\" data-element_type=\"widget\" data-widget_type=\"social-icons.default\">\n\t\t\t\t<div class=\"elementor-widget-container\">\n\t\t\t\t\t\t\t<div class=\"elementor-social-icons-wrapper elementor-grid\">\n\t\t\t\t\t\t\t<span class=\"elementor-grid-item\">\n\t\t\t\t\t<a class=\"elementor-icon elementor-social-icon elementor-social-icon-envelope elementor-repeater-item-bffed1e\" href=\"mailto:andreia.prado@pgs-legal.com\" target=\"_blank\">\n\t\t\t\t\t\t<span class=\"elementor-screen-only\">Envelope<\/span>\n\t\t\t\t\t\t<i class=\"fas fa-envelope\"><\/i>\t\t\t\t\t<\/a>\n\t\t\t\t<\/span>\n\t\t\t\t\t<\/div>\n\t\t\t\t\t\t<\/div>\n\t\t\t\t<\/div>\n\t\t\t\t<div class=\"elementor-element elementor-element-2556a3ef elementor-widget-divider--view-line elementor-widget elementor-widget-divider\" data-id=\"2556a3ef\" data-element_type=\"widget\" data-widget_type=\"divider.default\">\n\t\t\t\t<div class=\"elementor-widget-container\">\n\t\t\t\t\t\t\t<div class=\"elementor-divider\">\n\t\t\t<span class=\"elementor-divider-separator\">\n\t\t\t\t\t\t<\/span>\n\t\t<\/div>\n\t\t\t\t\t\t<\/div>\n\t\t\t\t<\/div>\n\t\t\t\t\t<\/div>\n\t\t<\/div>\n\t\t\t\t<div class=\"elementor-column elementor-col-50 elementor-top-column elementor-element elementor-element-6250944f\" data-id=\"6250944f\" data-element_type=\"column\">\n\t\t\t<div class=\"elementor-widget-wrap elementor-element-populated\">\n\t\t\t\t\t\t<div class=\"elementor-element elementor-element-cba73be elementor-widget elementor-widget-text-editor\" data-id=\"cba73be\" data-element_type=\"widget\" data-widget_type=\"text-editor.default\">\n\t\t\t\t<div class=\"elementor-widget-container\">\n\t\t\t\t\t\t\t\t\t<p>Andreia, como jurista, coordina la informaci\u00f3n de todo el departamento de Derecho Internacional de la PGS Sociedade de Advogados para Brasil, es decir, en las \u00e1reas de Familia, Migraci\u00f3n y Nacionalidad.<\/p>\n<p>Andreia es licenciada en derecho por la Universidad de Braz Cubas (2006) con un posgrado en Derecho Laboral (2009) y es abogada en Brasil donde trabaja de forma permanente en la Consultor\u00eda Jur\u00eddica Prado e Garc\u00eda.<\/p>\n<p align=\"left\">Reconocido por la calidad excepcional de la comunicaci\u00f3n y la creaci\u00f3n de redes, el trabajo en equipo en un r\u00e9gimen de multitarea.<\/p>\n<p>Durante su carrera, obtuvo la especializaci\u00f3n en las \u00e1reas de Derecho Previsional, Jur\u00eddico (2006), Derecho Laboral USP (2008), Conciliaci\u00f3n, Mediaci\u00f3n y Arbitraje CACB-CBMAE (2010) y Curso Complementario de Calificaci\u00f3n, formaci\u00f3n y perfeccionamiento de mediadores y conciliadores &#8211; OAB ESA (2012).No seu percurso obteve especializa\u00e7\u00e3o nas \u00e1reas Direito Previdenci\u00e1rio, Legale (2006), Direito do Trabalho USP (2008), Concilia\u00e7\u00e3o, Media\u00e7\u00e3o e Arbitragem CACB-CBMAE (2010) e Curso Complementar de Capacita\u00e7\u00e3o , treinamento e aperfei\u00e7oamento de mediadores e conciliadores &#8211; OAB ESA (2012).<\/p>\n<p>Entre las muchas actividades en las que trabaj\u00f3, fue Conciliadora en el Foro Distrital de Suzano &#8211; Juzgado I y IV (2013), Conciliadora y Mediadora &#8211; CEJUSC (Centro Judicial de Resoluci\u00f3n de Conflictos y Ciudadan\u00eda de Mogi das Cruzes &#8211; SP (2014 a 2015) ; Juzgado Penal Especial Conciliador de Mogi das Cruzes SP y Juzgado Conciliador 1 Civil del Distrito de Mogi das Cruzes- SP (2009 a 2015), adem\u00e1s de la gesti\u00f3n procesal de peritaje en el proceso laboral.<\/p>\n<p>Tiene una larga trayectoria de apoyo a la comunidad brasile\u00f1a en el asesoramiento en temas de asesoramiento legal sobre emigraci\u00f3n, nacionalidad, legalizaci\u00f3n, empleo, implementaci\u00f3n empresarial en el espacio econ\u00f3mico europeo, en particular con referencia al marco econ\u00f3mico y legal portugu\u00e9s e italiano.<\/p>\n<p>La lengua materna de Andreia es el italiano y el portugu\u00e9s, y habla ingl\u00e9s con fluidez.<\/p>\n\t\t\t\t\t\t\t\t<\/div>\n\t\t\t\t<\/div>\n\t\t\t\t\t<\/div>\n\t\t<\/div>\n\t\t\t\t\t<\/div>\n\t\t<\/section>\n\t\t\t\t<\/div>\n\t\t","protected":false},"excerpt":{"rendered":"<p>contactos directos<\/p>\n","protected":false},"featured_media":3458,"template":"","class_list":["post-3786","mt_team","type-mt_team","status-publish","has-post-thumbnail","hentry"],"_links":{"self":[{"href":"https:\/\/pgs-legal.com\/es\/wp-json\/wp\/v2\/mt_team\/3786","targetHints":{"allow":["GET"]}}],"collection":[{"href":"https:\/\/pgs-legal.com\/es\/wp-json\/wp\/v2\/mt_team"}],"about":[{"href":"https:\/\/pgs-legal.com\/es\/wp-json\/wp\/v2\/types\/mt_team"}],"version-history":[{"count":6,"href":"https:\/\/pgs-legal.com\/es\/wp-json\/wp\/v2\/mt_team\/3786\/revisions"}],"predecessor-version":[{"id":4085,"href":"https:\/\/pgs-legal.com\/es\/wp-json\/wp\/v2\/mt_team\/3786\/revisions\/4085"}],"wp:featuredmedia":[{"embeddable":true,"href":"https:\/\/pgs-legal.com\/es\/wp-json\/wp\/v2\/media\/3458"}],"wp:attachment":[{"href":"https:\/\/pgs-legal.com\/es\/wp-json\/wp\/v2\/media?parent=3786"}],"curies":[{"name":"wp","href":"https:\/\/api.w.org\/{rel}","templated":true}]}}

<div data-elementor-type="wp-post" data-elementor-id="3786" class="elementor elementor-3786 elementor-2622">
						<section class="elementor-section elementor-top-section elementor-element elementor-element-33b5ba62 elementor-section-boxed elementor-section-height-default elementor-section-height-default" data-id="33b5ba62" data-element_type="section">
						<div class="elementor-container elementor-column-gap-default">
					<div class="elementor-column elementor-col-50 elementor-top-column elementor-element elementor-element-c4434eb" data-id="c4434eb" data-element_type="column">
			<div class="elementor-widget-wrap elementor-element-populated">
						<div class="elementor-element elementor-element-13b611f4 elementor-widget elementor-widget-image" data-id="13b611f4" data-element_type="widget" data-widget_type="image.default">
				<div class="elementor-widget-container">
															<img fetchpriority="high" decoding="async" width="600" height="550" src="https://pgs-legal.com/wp-content/uploads/2019/08/perfil-andreia-do-prado.jpeg" class="attachment-large size-large wp-image-3458" alt="" srcset="https://pgs-legal.com/wp-content/uploads/2019/08/perfil-andreia-do-prado.jpeg 600w, https://pgs-legal.com/wp-content/uploads/2019/08/perfil-andreia-do-prado-300x275.jpeg 300w" sizes="(max-width: 600px) 100vw, 600px" />															</div>
				</div>
				<div class="elementor-element elementor-element-72d75087 lawyer-position elementor-widget elementor-widget-heading" data-id="72d75087" data-element_type="widget" data-widget_type="heading.default">
				<div class="elementor-widget-container">
					<div class="elementor-heading-title elementor-size-default">JURISTA</div>				</div>
				</div>
				<div class="elementor-element elementor-element-22061609 elementor-widget elementor-widget-heading" data-id="22061609" data-element_type="widget" data-widget_type="heading.default">
				<div class="elementor-widget-container">
					<h5 class="elementor-heading-title elementor-size-default"><p style="margin-bottom: 0.28cm;line-height: 108%">Andreia do Prado</p></h5>				</div>
				</div>
				<div class="elementor-element elementor-element-309b362b elementor-widget-divider--view-line elementor-widget elementor-widget-divider" data-id="309b362b" data-element_type="widget" data-widget_type="divider.default">
				<div class="elementor-widget-container">
							<div class="elementor-divider">
			<span class="elementor-divider-separator">
						</span>
		</div>
						</div>
				</div>
				<div class="elementor-element elementor-element-02d69ae elementor-shape-square elementor-grid-0 elementor-widget elementor-widget-social-icons" data-id="02d69ae" data-element_type="widget" data-widget_type="social-icons.default">
				<div class="elementor-widget-container">
							<div class="elementor-social-icons-wrapper elementor-grid">
							<span class="elementor-grid-item">
					<a class="elementor-icon elementor-social-icon elementor-social-icon-envelope elementor-repeater-item-bffed1e" href="mailto:andreia.prado@pgs-legal.com" target="_blank">
						<span class="elementor-screen-only">Envelope</span>
						<i class="fas fa-envelope"></i>					</a>
				</span>
					</div>
						</div>
				</div>
				<div class="elementor-element elementor-element-2556a3ef elementor-widget-divider--view-line elementor-widget elementor-widget-divider" data-id="2556a3ef" data-element_type="widget" data-widget_type="divider.default">
				<div class="elementor-widget-container">
							<div class="elementor-divider">
			<span class="elementor-divider-separator">
						</span>
		</div>
						</div>
				</div>
					</div>
		</div>
				<div class="elementor-column elementor-col-50 elementor-top-column elementor-element elementor-element-6250944f" data-id="6250944f" data-element_type="column">
			<div class="elementor-widget-wrap elementor-element-populated">
						<div class="elementor-element elementor-element-cba73be elementor-widget elementor-widget-text-editor" data-id="cba73be" data-element_type="widget" data-widget_type="text-editor.default">
				<div class="elementor-widget-container">
									<p>Andreia, como jurista, coordina la información de todo el departamento de Derecho Internacional de la PGS Sociedade de Advogados para Brasil, es decir, en las áreas de Familia, Migración y Nacionalidad.</p>
<p>Andreia es licenciada en derecho por la Universidad de Braz Cubas (2006) con un posgrado en Derecho Laboral (2009) y es abogada en Brasil donde trabaja de forma permanente en la Consultoría Jurídica Prado e García.</p>
<p align="left">Reconocido por la calidad excepcional de la comunicación y la creación de redes, el trabajo en equipo en un régimen de multitarea.</p>
<p>Durante su carrera, obtuvo la especialización en las áreas de Derecho Previsional, Jurídico (2006), Derecho Laboral USP (2008), Conciliación, Mediación y Arbitraje CACB-CBMAE (2010) y Curso Complementario de Calificación, formación y perfeccionamiento de mediadores y conciliadores &#8211; OAB ESA (2012).No seu percurso obteve especialização nas áreas Direito Previdenciário, Legale (2006), Direito do Trabalho USP (2008), Conciliação, Mediação e Arbitragem CACB-CBMAE (2010) e Curso Complementar de Capacitação , treinamento e aperfeiçoamento de mediadores e conciliadores &#8211; OAB ESA (2012).</p>
<p>Entre las muchas actividades en las que trabajó, fue Conciliadora en el Foro Distrital de Suzano &#8211; Juzgado I y IV (2013), Conciliadora y Mediadora &#8211; CEJUSC (Centro Judicial de Resolución de Conflictos y Ciudadanía de Mogi das Cruzes &#8211; SP (2014 a 2015) ; Juzgado Penal Especial Conciliador de Mogi das Cruzes SP y Juzgado Conciliador 1 Civil del Distrito de Mogi das Cruzes- SP (2009 a 2015), además de la gestión procesal de peritaje en el proceso laboral.</p>
<p>Tiene una larga trayectoria de apoyo a la comunidad brasileña en el asesoramiento en temas de asesoramiento legal sobre emigración, nacionalidad, legalización, empleo, implementación empresarial en el espacio económico europeo, en particular con referencia al marco económico y legal portugués e italiano.</p>
<p>La lengua materna de Andreia es el italiano y el portugués, y habla inglés con fluidez.</p>
								</div>
				</div>
					</div>
		</div>
					</div>
		</section>
				</div>
