{"id":3681,"date":"2022-03-09T21:39:45","date_gmt":"2022-03-09T21:39:45","guid":{"rendered":"https:\/\/pgs-legal.com\/practice-items\/derecho-publico\/"},"modified":"2022-03-09T21:40:54","modified_gmt":"2022-03-09T21:40:54","slug":"derecho-publico","status":"publish","type":"mt_practice_areas","link":"https:\/\/pgs-legal.com\/es\/practice-items\/derecho-publico\/","title":{"rendered":"Derecho P\u00fablico"},"content":{"rendered":"\t\t<div data-elementor-type=\"wp-post\" data-elementor-id=\"3681\" class=\"elementor elementor-3681 elementor-1992\">\n\t\t\t\t\t\t<section class=\"elementor-section elementor-top-section elementor-element elementor-element-75ea7c1b elementor-section-boxed elementor-section-height-default elementor-section-height-default\" data-id=\"75ea7c1b\" data-element_type=\"section\">\n\t\t\t\t\t\t<div class=\"elementor-container elementor-column-gap-default\">\n\t\t\t\t\t<div class=\"elementor-column elementor-col-50 elementor-top-column elementor-element elementor-element-5ba80d5f\" data-id=\"5ba80d5f\" data-element_type=\"column\">\n\t\t\t<div class=\"elementor-widget-wrap elementor-element-populated\">\n\t\t\t\t\t\t<div class=\"elementor-element elementor-element-7a289211 elementor-widget elementor-widget-image\" data-id=\"7a289211\" data-element_type=\"widget\" data-widget_type=\"image.default\">\n\t\t\t\t<div class=\"elementor-widget-container\">\n\t\t\t\t\t\t\t\t\t\t\t\t\t\t\t<img fetchpriority=\"high\" decoding=\"async\" width=\"1024\" height=\"512\" src=\"https:\/\/pgs-legal.com\/wp-content\/uploads\/2019\/01\/advogados-direito-publico-1024x512.jpg\" class=\"attachment-large size-large wp-image-2912\" alt=\"\" srcset=\"https:\/\/pgs-legal.com\/wp-content\/uploads\/2019\/01\/advogados-direito-publico-1024x512.jpg 1024w, https:\/\/pgs-legal.com\/wp-content\/uploads\/2019\/01\/advogados-direito-publico-300x150.jpg 300w, https:\/\/pgs-legal.com\/wp-content\/uploads\/2019\/01\/advogados-direito-publico-768x384.jpg 768w, https:\/\/pgs-legal.com\/wp-content\/uploads\/2019\/01\/advogados-direito-publico.jpg 1200w\" sizes=\"(max-width: 1024px) 100vw, 1024px\" \/>\t\t\t\t\t\t\t\t\t\t\t\t\t\t\t<\/div>\n\t\t\t\t<\/div>\n\t\t\t\t<div class=\"elementor-element elementor-element-555b35af elementor-widget elementor-widget-text-editor\" data-id=\"555b35af\" data-element_type=\"widget\" data-widget_type=\"text-editor.default\">\n\t\t\t\t<div class=\"elementor-widget-container\">\n\t\t\t\t\t\t\t\t\t<h3>Equipo especializado en Derecho P\u00fablico<\/h3>\n<p>El Departamento de Derecho P\u00fablico de PGS Sociedad de Abogados garantiza una asesor\u00eda jur\u00eddica especializada en diversas \u00e1reas de Derecho P\u00fablico, en especial en el \u00e1mbito del Derecho Administrativo, Derecho de la Contrataci\u00f3n P\u00fablica, Derecho del Urbanismo, Derecho del Ordenamiento del Territorio, Derecho del Medioambiente y de Derecho de los Funcionarios del Estado.<\/p>\n<h5>Aspectos principales de incidencia<\/h5>\n<p>La asesor\u00eda jur\u00eddica que PGS concede en el \u00e1mbito de Derecho P\u00fablico incluye, lo siguiente:<\/p>\n<ul>\n<li aria-level=\"1\">asesor\u00eda jur\u00eddica en los dominios del Urbanismo y del Ordenamiento del Territorio, incluyendo materias conexas tales como obtenci\u00f3n de licencias, autorizaciones y aprobaciones administrativas para operaciones urban\u00edsticas, como son edificaci\u00f3n, urbanizaci\u00f3n, parcelas, instalaci\u00f3n de establecimientos industriales, comerciales, tur\u00edsticos y de restauraci\u00f3n y bebidas, y tambi\u00e9n elaboraci\u00f3n, contrataci\u00f3n, interpretaci\u00f3n y ejecuci\u00f3n de planos municipales de ordenamiento del territorio;<\/li>\n<li aria-level=\"1\">asesor\u00eda jur\u00eddica en el dominio de Derecho del Medioambiente, tales como interpretaci\u00f3n y aplicaci\u00f3n de normas, nacionales y comunitarias, incluyendo en materias conexas con responsabilidad medioambiental, realizaci\u00f3n de auditor\u00edas y an\u00e1lisis de riesgos legales medioambientales, la conducci\u00f3n de procedimientos administrativos de licenciamiento ambiental y procedimientos de car\u00e1cter jurisdiccional, como son la impugnaci\u00f3n judicial de medidas cautelares y sanciones accesorias en materia medioambiental;<\/li>\n<li aria-level=\"1\">asesor\u00eda jur\u00eddica en el campo de Derecho Administrativo General, incluyendo cuestiones legales conexas con la org\u00e1nica, competencias y funcionamiento de la Administraci\u00f3n P\u00fablica en general y de la Administraci\u00f3n Aut\u00e1rquica en particular (c\u00e1maras y empresas municipales) en el \u00e1mbito de la misi\u00f3n, funciones y atribuci\u00f3n de diferentes servicios y organismos que las integran, bien como aspectos institucionales y relaciones inter-org\u00e1nicas, destac\u00e1ndose la elaboraci\u00f3n de normativas y de reglamentos municipales;<\/li>\n<li aria-level=\"1\">asesor\u00eda jur\u00eddica en el campo de las cuestiones conexas con la responsabilidad penal y civil del Estado y dem\u00e1s entidades p\u00fablicas, as\u00ed como de sus \u00f3rganos, agentes y funcionarios, incluso el resarcimiento de perjuicios y efectiva indemnizaciones en el \u00e1mbito de los procesos de expropiaci\u00f3n por utilidad p\u00fablica y de constituci\u00f3n de servidumbres administrativas y restricciones de utilidad p\u00fablica;<\/li>\n<li aria-level=\"1\">asesor\u00eda jur\u00eddica en el dominio de los funcionarios del Estado y de contrato de trabajo de la administraci\u00f3n p\u00fablica nominaciones, traslados, requisiciones, misiones, retribuciones, suplementos, apoyos, progresi\u00f3n en la categor\u00eda, promoci\u00f3n en las carreras, jubilaciones, acumulaci\u00f3n de funciones y el ejercicio de la acci\u00f3n disciplinar;<\/li>\n<li aria-level=\"1\">en general, la emisi\u00f3n e informaciones, elaboraci\u00f3n de borradores y contratos, as\u00ed como el contencioso y el patrocinio forense en el \u00e1mbito de procesos administrativos y judiciarios.<\/li>\n<\/ul>\n\t\t\t\t\t\t\t\t<\/div>\n\t\t\t\t<\/div>\n\t\t\t\t\t<\/div>\n\t\t<\/div>\n\t\t\t\t<div class=\"elementor-column elementor-col-50 elementor-top-column elementor-element elementor-element-5bcfc5cb\" data-id=\"5bcfc5cb\" data-element_type=\"column\">\n\t\t\t<div class=\"elementor-widget-wrap elementor-element-populated\">\n\t\t\t\t\t\t<div class=\"elementor-element elementor-element-5168d868 elementor-widget elementor-widget-heading\" data-id=\"5168d868\" data-element_type=\"widget\" data-widget_type=\"heading.default\">\n\t\t\t\t<div class=\"elementor-widget-container\">\n\t\t\t\t\t<h5 class=\"elementor-heading-title elementor-size-default\">\u00c1reas de Especializaci\u00f3n<\/h5>\t\t\t\t<\/div>\n\t\t\t\t<\/div>\n\t\t\t\t<div class=\"elementor-element elementor-element-2df8d9e7 elementor-widget elementor-widget-shortcode\" data-id=\"2df8d9e7\" data-element_type=\"widget\" data-widget_type=\"shortcode.default\">\n\t\t\t\t<div class=\"elementor-widget-container\">\n\t\t\t\t\t\t\t<div class=\"elementor-shortcode\"><div class=\"sidebar widget_recent_entries\"><ul><li><a href=\"https:\/\/pgs-legal.com\/es\/practice-items\/invertir-en-madeira\/\">Invertir en Madeira<\/a><\/li><li><a href=\"https:\/\/pgs-legal.com\/es\/practice-items\/mercantil-y-sociedades\/\">Mercantil y Sociedades<\/a><\/li><li><a href=\"https:\/\/pgs-legal.com\/es\/practice-items\/fiscal\/\">Fiscal<\/a><\/li><li><a href=\"https:\/\/pgs-legal.com\/es\/practice-items\/contencioso-y-arbitraje\/\">Contencioso Y Arbitraje<\/a><\/li><li><a href=\"https:\/\/pgs-legal.com\/es\/practice-items\/derecho-publico\/\">Derecho P\u00fablico<\/a><\/li><li><a href=\"https:\/\/pgs-legal.com\/es\/practice-items\/inmobiliario-y-urbanismo\/\">Inmobiliario y Urbanismo<\/a><\/li><li><a href=\"https:\/\/pgs-legal.com\/es\/practice-items\/invertir-en-portugal\/\">Invertir en Portugal<\/a><\/li><li><a href=\"https:\/\/pgs-legal.com\/es\/practice-items\/laboral\/\">Laboral<\/a><\/li><li><a href=\"https:\/\/pgs-legal.com\/es\/practice-items\/nacionalidad\/\">Nacionalidad<\/a><\/li><li><a href=\"https:\/\/pgs-legal.com\/es\/practice-items\/propiedad-intelectual-marketing-media\/\">Propiedad Intelectual, Marketing &amp; Media<\/a><\/li><li><a href=\"https:\/\/pgs-legal.com\/es\/practice-items\/residencia-e-inversion\/\">Residencia e Inversi\u00f3n<\/a><\/li><li><a href=\"https:\/\/pgs-legal.com\/es\/practice-items\/penal\/\">Penal<\/a><\/li><li><a href=\"https:\/\/pgs-legal.com\/es\/practice-items\/familia-y-menores\/\">Familia y Menores<\/a><\/li><\/ul><\/div><\/div>\n\t\t\t\t\t\t<\/div>\n\t\t\t\t<\/div>\n\t\t\t\t<div class=\"elementor-element elementor-element-1306c364 elementor-widget elementor-widget-text-editor\" data-id=\"1306c364\" data-element_type=\"widget\" data-widget_type=\"text-editor.default\">\n\t\t\t\t<div class=\"elementor-widget-container\">\n\t\t\t\t\t\t\t\t\t<h5 class=\"white-color\">\u00bfNecesita ayuda?<\/h5>\n<p>P\u00f3ngase en contacto con nosotros.<\/p>\n<p><strong>Tlf:<\/strong> (+351) 234 378 460\/3<br \/><strong>Email:<\/strong> geral@pgls-lawyers.com<\/p>\n<p><strong>Lun a Vie:<\/strong> 09h00 hasta 17h00<\/p>\n\t\t\t\t\t\t\t\t<\/div>\n\t\t\t\t<\/div>\n\t\t\t\t\t<\/div>\n\t\t<\/div>\n\t\t\t\t\t<\/div>\n\t\t<\/section>\n\t\t\t\t<section class=\"elementor-section elementor-top-section elementor-element elementor-element-4d01d32b elementor-section-boxed elementor-section-height-default elementor-section-height-default\" data-id=\"4d01d32b\" data-element_type=\"section\" data-settings=\"{&quot;background_background&quot;:&quot;classic&quot;}\">\n\t\t\t\t\t\t\t<div class=\"elementor-background-overlay\"><\/div>\n\t\t\t\t\t\t\t<div class=\"elementor-container elementor-column-gap-default\">\n\t\t\t\t\t<div class=\"elementor-column elementor-col-100 elementor-top-column elementor-element elementor-element-697bf0d7\" data-id=\"697bf0d7\" data-element_type=\"column\">\n\t\t\t<div class=\"elementor-widget-wrap elementor-element-populated\">\n\t\t\t\t\t\t<div class=\"elementor-element elementor-element-26dd47c4 heading-subtitle white elementor-widget elementor-widget-heading\" data-id=\"26dd47c4\" data-element_type=\"widget\" data-widget_type=\"heading.default\">\n\t\t\t\t<div class=\"elementor-widget-container\">\n\t\t\t\t\t<span class=\"elementor-heading-title elementor-size-default\">Cont\u00e1ctenos<\/span>\t\t\t\t<\/div>\n\t\t\t\t<\/div>\n\t\t\t\t<div class=\"elementor-element elementor-element-96233d2 heading-title white elementor-widget elementor-widget-heading\" data-id=\"96233d2\" data-element_type=\"widget\" data-widget_type=\"heading.default\">\n\t\t\t\t<div class=\"elementor-widget-container\">\n\t\t\t\t\t<h2 class=\"elementor-heading-title elementor-size-default\">Descubra lo que podemos hacer por usted<\/h2>\t\t\t\t<\/div>\n\t\t\t\t<\/div>\n\t\t\t\t<div class=\"elementor-element elementor-element-74bf405d elementor-widget elementor-widget-heading\" data-id=\"74bf405d\" data-element_type=\"widget\" data-widget_type=\"heading.default\">\n\t\t\t\t<div class=\"elementor-widget-container\">\n\t\t\t\t\t<p class=\"elementor-heading-title elementor-size-default\">Ll\u00e1menos : (+351) 234 378&nbsp;460\/3 y concerte su cita con uno de nuestros especialistas<\/p>\t\t\t\t<\/div>\n\t\t\t\t<\/div>\n\t\t\t\t<div class=\"elementor-element elementor-element-6ea9039a btn-white-el elementor-widget elementor-widget-button\" data-id=\"6ea9039a\" data-element_type=\"widget\" data-widget_type=\"button.default\">\n\t\t\t\t<div class=\"elementor-widget-container\">\n\t\t\t\t\t\t\t\t\t<div class=\"elementor-button-wrapper\">\n\t\t\t\t\t<a class=\"elementor-button elementor-button-link elementor-size-sm\" href=\"#\">\n\t\t\t\t\t\t<span class=\"elementor-button-content-wrapper\">\n\t\t\t\t\t\t\t\t\t<span class=\"elementor-button-text\">concertar cita<\/span>\n\t\t\t\t\t<\/span>\n\t\t\t\t\t<\/a>\n\t\t\t\t<\/div>\n\t\t\t\t\t\t\t\t<\/div>\n\t\t\t\t<\/div>\n\t\t\t\t\t<\/div>\n\t\t<\/div>\n\t\t\t\t\t<\/div>\n\t\t<\/section>\n\t\t\t\t<\/div>\n\t\t","protected":false},"excerpt":{"rendered":"<p>El Departamento de Derecho P\u00fablico de PGS Sociedad de Abogados garantiza una asesor\u00eda jur\u00eddica especializada en diversas \u00e1reas de Derecho P\u00fablico, en especial en el \u00e1mbito del Derecho Administrativo, Derecho de la Contrataci\u00f3n P\u00fablica, Derecho del Urbanismo, Derecho del Ordenamiento del Territorio, Derecho del Medioambiente y de Derecho de los Funcionarios del Estado.<\/p>\n","protected":false},"featured_media":0,"template":"","class_list":["post-3681","mt_practice_areas","type-mt_practice_areas","status-publish","hentry"],"_links":{"self":[{"href":"https:\/\/pgs-legal.com\/es\/wp-json\/wp\/v2\/mt_practice_areas\/3681","targetHints":{"allow":["GET"]}}],"collection":[{"href":"https:\/\/pgs-legal.com\/es\/wp-json\/wp\/v2\/mt_practice_areas"}],"about":[{"href":"https:\/\/pgs-legal.com\/es\/wp-json\/wp\/v2\/types\/mt_practice_areas"}],"version-history":[{"count":3,"href":"https:\/\/pgs-legal.com\/es\/wp-json\/wp\/v2\/mt_practice_areas\/3681\/revisions"}],"predecessor-version":[{"id":3687,"href":"https:\/\/pgs-legal.com\/es\/wp-json\/wp\/v2\/mt_practice_areas\/3681\/revisions\/3687"}],"wp:attachment":[{"href":"https:\/\/pgs-legal.com\/es\/wp-json\/wp\/v2\/media?parent=3681"}],"curies":[{"name":"wp","href":"https:\/\/api.w.org\/{rel}","templated":true}]}}

Derecho Público

<div data-elementor-type="wp-post" data-elementor-id="3681" class="elementor elementor-3681 elementor-1992">
						<section class="elementor-section elementor-top-section elementor-element elementor-element-75ea7c1b elementor-section-boxed elementor-section-height-default elementor-section-height-default" data-id="75ea7c1b" data-element_type="section">
						<div class="elementor-container elementor-column-gap-default">
					<div class="elementor-column elementor-col-50 elementor-top-column elementor-element elementor-element-5ba80d5f" data-id="5ba80d5f" data-element_type="column">
			<div class="elementor-widget-wrap elementor-element-populated">
						<div class="elementor-element elementor-element-7a289211 elementor-widget elementor-widget-image" data-id="7a289211" data-element_type="widget" data-widget_type="image.default">
				<div class="elementor-widget-container">
															<img fetchpriority="high" decoding="async" width="1024" height="512" src="https://pgs-legal.com/wp-content/uploads/2019/01/advogados-direito-publico-1024x512.jpg" class="attachment-large size-large wp-image-2912" alt="" srcset="https://pgs-legal.com/wp-content/uploads/2019/01/advogados-direito-publico-1024x512.jpg 1024w, https://pgs-legal.com/wp-content/uploads/2019/01/advogados-direito-publico-300x150.jpg 300w, https://pgs-legal.com/wp-content/uploads/2019/01/advogados-direito-publico-768x384.jpg 768w, https://pgs-legal.com/wp-content/uploads/2019/01/advogados-direito-publico.jpg 1200w" sizes="(max-width: 1024px) 100vw, 1024px" />															</div>
				</div>
				<div class="elementor-element elementor-element-555b35af elementor-widget elementor-widget-text-editor" data-id="555b35af" data-element_type="widget" data-widget_type="text-editor.default">
				<div class="elementor-widget-container">
									<h3>Equipo especializado en Derecho Público</h3>
<p>El Departamento de Derecho Público de PGS Sociedad de Abogados garantiza una asesoría jurídica especializada en diversas áreas de Derecho Público, en especial en el ámbito del Derecho Administrativo, Derecho de la Contratación Pública, Derecho del Urbanismo, Derecho del Ordenamiento del Territorio, Derecho del Medioambiente y de Derecho de los Funcionarios del Estado.</p>
<h5>Aspectos principales de incidencia</h5>
<p>La asesoría jurídica que PGS concede en el ámbito de Derecho Público incluye, lo siguiente:</p>
<ul>
<li aria-level="1">asesoría jurídica en los dominios del Urbanismo y del Ordenamiento del Territorio, incluyendo materias conexas tales como obtención de licencias, autorizaciones y aprobaciones administrativas para operaciones urbanísticas, como son edificación, urbanización, parcelas, instalación de establecimientos industriales, comerciales, turísticos y de restauración y bebidas, y también elaboración, contratación, interpretación y ejecución de planos municipales de ordenamiento del territorio;</li>
<li aria-level="1">asesoría jurídica en el dominio de Derecho del Medioambiente, tales como interpretación y aplicación de normas, nacionales y comunitarias, incluyendo en materias conexas con responsabilidad medioambiental, realización de auditorías y análisis de riesgos legales medioambientales, la conducción de procedimientos administrativos de licenciamiento ambiental y procedimientos de carácter jurisdiccional, como son la impugnación judicial de medidas cautelares y sanciones accesorias en materia medioambiental;</li>
<li aria-level="1">asesoría jurídica en el campo de Derecho Administrativo General, incluyendo cuestiones legales conexas con la orgánica, competencias y funcionamiento de la Administración Pública en general y de la Administración Autárquica en particular (cámaras y empresas municipales) en el ámbito de la misión, funciones y atribución de diferentes servicios y organismos que las integran, bien como aspectos institucionales y relaciones inter-orgánicas, destacándose la elaboración de normativas y de reglamentos municipales;</li>
<li aria-level="1">asesoría jurídica en el campo de las cuestiones conexas con la responsabilidad penal y civil del Estado y demás entidades públicas, así como de sus órganos, agentes y funcionarios, incluso el resarcimiento de perjuicios y efectiva indemnizaciones en el ámbito de los procesos de expropiación por utilidad pública y de constitución de servidumbres administrativas y restricciones de utilidad pública;</li>
<li aria-level="1">asesoría jurídica en el dominio de los funcionarios del Estado y de contrato de trabajo de la administración pública nominaciones, traslados, requisiciones, misiones, retribuciones, suplementos, apoyos, progresión en la categoría, promoción en las carreras, jubilaciones, acumulación de funciones y el ejercicio de la acción disciplinar;</li>
<li aria-level="1">en general, la emisión e informaciones, elaboración de borradores y contratos, así como el contencioso y el patrocinio forense en el ámbito de procesos administrativos y judiciarios.</li>
</ul>
								</div>
				</div>
					</div>
		</div>
				<div class="elementor-column elementor-col-50 elementor-top-column elementor-element elementor-element-5bcfc5cb" data-id="5bcfc5cb" data-element_type="column">
			<div class="elementor-widget-wrap elementor-element-populated">
						<div class="elementor-element elementor-element-5168d868 elementor-widget elementor-widget-heading" data-id="5168d868" data-element_type="widget" data-widget_type="heading.default">
				<div class="elementor-widget-container">
					<h5 class="elementor-heading-title elementor-size-default">Áreas de Especialización</h5>				</div>
				</div>
				<div class="elementor-element elementor-element-2df8d9e7 elementor-widget elementor-widget-shortcode" data-id="2df8d9e7" data-element_type="widget" data-widget_type="shortcode.default">
				<div class="elementor-widget-container">
							<div class="elementor-shortcode"><div class="sidebar widget_recent_entries"><ul><li><a href="https://pgs-legal.com/es/practice-items/invertir-en-madeira/">Invertir en Madeira</a></li><li><a href="https://pgs-legal.com/es/practice-items/mercantil-y-sociedades/">Mercantil y Sociedades</a></li><li><a href="https://pgs-legal.com/es/practice-items/fiscal/">Fiscal</a></li><li><a href="https://pgs-legal.com/es/practice-items/contencioso-y-arbitraje/">Contencioso Y Arbitraje</a></li><li><a href="https://pgs-legal.com/es/practice-items/derecho-publico/">Derecho Público</a></li><li><a href="https://pgs-legal.com/es/practice-items/inmobiliario-y-urbanismo/">Inmobiliario y Urbanismo</a></li><li><a href="https://pgs-legal.com/es/practice-items/invertir-en-portugal/">Invertir en Portugal</a></li><li><a href="https://pgs-legal.com/es/practice-items/laboral/">Laboral</a></li><li><a href="https://pgs-legal.com/es/practice-items/nacionalidad/">Nacionalidad</a></li><li><a href="https://pgs-legal.com/es/practice-items/propiedad-intelectual-marketing-media/">Propiedad Intelectual, Marketing &amp; Media</a></li><li><a href="https://pgs-legal.com/es/practice-items/residencia-e-inversion/">Residencia e Inversión</a></li><li><a href="https://pgs-legal.com/es/practice-items/penal/">Penal</a></li><li><a href="https://pgs-legal.com/es/practice-items/familia-y-menores/">Familia y Menores</a></li></ul></div></div>
						</div>
				</div>
				<div class="elementor-element elementor-element-1306c364 elementor-widget elementor-widget-text-editor" data-id="1306c364" data-element_type="widget" data-widget_type="text-editor.default">
				<div class="elementor-widget-container">
									<h5 class="white-color">¿Necesita ayuda?</h5>
<p>Póngase en contacto con nosotros.</p>
<p><strong>Tlf:</strong> (+351) 234 378 460/3<br /><strong>Email:</strong> geral@pgls-lawyers.com</p>
<p><strong>Lun a Vie:</strong> 09h00 hasta 17h00</p>
								</div>
				</div>
					</div>
		</div>
					</div>
		</section>
				<section class="elementor-section elementor-top-section elementor-element elementor-element-4d01d32b elementor-section-boxed elementor-section-height-default elementor-section-height-default" data-id="4d01d32b" data-element_type="section" data-settings="{&quot;background_background&quot;:&quot;classic&quot;}">
							<div class="elementor-background-overlay"></div>
							<div class="elementor-container elementor-column-gap-default">
					<div class="elementor-column elementor-col-100 elementor-top-column elementor-element elementor-element-697bf0d7" data-id="697bf0d7" data-element_type="column">
			<div class="elementor-widget-wrap elementor-element-populated">
						<div class="elementor-element elementor-element-26dd47c4 heading-subtitle white elementor-widget elementor-widget-heading" data-id="26dd47c4" data-element_type="widget" data-widget_type="heading.default">
				<div class="elementor-widget-container">
					<span class="elementor-heading-title elementor-size-default">Contáctenos</span>				</div>
				</div>
				<div class="elementor-element elementor-element-96233d2 heading-title white elementor-widget elementor-widget-heading" data-id="96233d2" data-element_type="widget" data-widget_type="heading.default">
				<div class="elementor-widget-container">
					<h2 class="elementor-heading-title elementor-size-default">Descubra lo que podemos hacer por usted</h2>				</div>
				</div>
				<div class="elementor-element elementor-element-74bf405d elementor-widget elementor-widget-heading" data-id="74bf405d" data-element_type="widget" data-widget_type="heading.default">
				<div class="elementor-widget-container">
					<p class="elementor-heading-title elementor-size-default">Llámenos : (+351) 234 378&nbsp;460/3 y concerte su cita con uno de nuestros especialistas</p>				</div>
				</div>
				<div class="elementor-element elementor-element-6ea9039a btn-white-el elementor-widget elementor-widget-button" data-id="6ea9039a" data-element_type="widget" data-widget_type="button.default">
				<div class="elementor-widget-container">
									<div class="elementor-button-wrapper">
					<a class="elementor-button elementor-button-link elementor-size-sm" href="#">
						<span class="elementor-button-content-wrapper">
									<span class="elementor-button-text">concertar cita</span>
					</span>
					</a>
				</div>
								</div>
				</div>
					</div>
		</div>
					</div>
		</section>
				</div>

<p>El Departamento de Derecho Público de PGS Sociedad de Abogados garantiza una asesoría jurídica especializada en diversas áreas de Derecho Público, en especial en el ámbito del Derecho Administrativo, Derecho de la Contratación Pública, Derecho del Urbanismo, Derecho del Ordenamiento del Territorio, Derecho del Medioambiente y de Derecho de los Funcionarios del Estado.</p>
